, 147937
List the prime factors of 2490169794.
2, 3, 7, 71, 419, 1993
What are the prime factors of 273384457?
273384457
List the prime factors of 473128098.
2, 3, 29, 93763
List the prime factors of 478267195.
5, 7, 39839
What are the prime factors of 5202573386?
2, 53, 49080881
What are the prime factors of 446430588?
2, 3, 257, 144757
What are the prime factors of 7904182346?
2, 23, 171830051
List the prime factors of 257620270.
2, 5, 37, 696271
What are the prime factors of 2096341498?
2, 331, 3166679
List the prime factors of 858786965.
5, 73, 2352841
What are the prime factors of 932353778?
2, 43, 10841323
What are the prime factors of 19244236?
2, 11, 263, 1663
List the prime factors of 208385569.
7, 701, 42467
List the prime factors of 9241492.
2, 13, 23, 7727
What are the prime factors of 2963988409?
43, 68929963
List the prime factors of 139546002.
2, 3, 2243, 10369
List the prime factors of 126299705.
5, 7, 191, 2699
List the prime factors of 95982788.
2, 11, 53, 79, 521
What are the prime factors of 4011358323?
3, 7, 191017063
List the prime factors of 506356288.
2, 17, 223, 2087
List the prime factors of 1582711217.
1582711217
What are the prime factors of 1337482706?
2, 7, 23, 61, 149, 457
What are the prime factors of 425658006?
2, 3, 103, 229589
What are the prime factors of 247626247?
11, 199, 113123
List the prime factors of 47461236.
2, 3, 23, 359, 479
What are the prime factors of 31782713?
1193, 26641
What are the prime factors of 930961896?
2, 3, 38790079
List the prime factors of 57966176.
2, 1811443
List the prime factors of 875833490.
2, 5, 7, 12511907
List the prime factors of 181871945.
5, 89, 408701
List the prime factors of 604872562.
2, 7, 19, 563, 577
What are the prime factors of 14227042?
2, 331, 21491
List the prime factors of 48985696.
2, 1530803
What are the prime factors of 1672954177?
1672954177
List the prime factors of 129173229.
3, 19, 755399
List the prime factors of 292602191.
7, 41800313
What are the prime factors of 74332057?
41, 139, 13043
What are the prime factors of 163841634?
2, 3, 11, 31, 26693
What are the prime factors of 621689301?
3, 69076589
What are the prime factors of 32532704?
2, 89, 11423
List the prime factors of 1478733783.
3, 492911261
List the prime factors of 1841488076.
2, 17, 37, 731911
What are the prime factors of 58883581?
191, 308291
List the prime factors of 1384930979.
37, 577, 64871
List the prime factors of 1187017911.
3, 17, 2053, 3779
List the prime factors of 1024708172.
2, 256177043
List the prime factors of 24444454.
2, 821, 14887
What are the prime factors of 11098558?
2, 23, 31, 43, 181
List the prime factors of 530675739.
3, 11, 1786787
What are the prime factors of 2842545687?
3, 5569, 170141
List the prime factors of 52296283.
13, 151, 26641
List the prime factors of 2991964291.
103, 641, 45317
List the prime factors of 668570208.
2, 3, 73, 95401
List the prime factors of 13207132.
2, 97, 34039
What are the prime factors of 30436?
2, 7, 1087
What are the prime factors of 93955093?
113, 831461
List the prime factors of 118395642.
2, 3, 19732607
List the prime factors of 132103830.
2, 3, 5, 4403461
List the prime factors of 37311188.
2, 9327797
List the prime factors of 110062851.
3, 71, 516727
List the prime factors of 262835058.
2, 3, 269, 162847
List the prime factors of 3076563907.
31, 99243997
List the prime factors of 979656340.
2, 5, 13, 19, 61, 3251
List the prime factors of 757454068.
2, 7, 47, 575573
What are the prime factors of 1575865157?
1575865157
What are the prime factors of 20486438?
2, 7, 79, 18523
What are the prime factors of 37751079?
3, 12583693
What are the prime factors of 1580113304?
2, 7, 11, 47, 54577
List the prime factors of 2264642196.
2, 3, 4019, 46957
List the prime factors of 7009986114.
2, 3, 487, 799679
What are the prime factors of 161060479?
3299, 48821
What are the prime factors of 524794727?
9473, 55399
What are the prime factors of 90900978?
2, 3, 7, 19, 16273
What are the prime factors of 448945?
5, 7, 101, 127
What are the prime factors of 275645497?
17, 16214441
List the prime factors of 23522286.
2, 3, 277, 14153
What are the prime factors of 53104649?
13, 131, 31183
What are the prime factors of 124265413?
107, 1009, 1151
What are the prime factors of 1893354425?
5, 449, 168673
What are the prime factors of 19550293?
7, 313, 8923
List the prime factors of 493734415.
5, 131, 753793
What are the prime factors of 2092216678?
2, 1046108339
List the prime factors of 4542575453.
13, 73, 4786697
What are the prime factors of 448727515?
5, 89745503
List the prime factors of 254103315.
3, 5, 16940221
List the prime factors of 334295701.
17, 19664453
List the prime factors of 765021439.
7, 13, 8406829
List the prime factors of 3814290404.
2, 43, 22176107
List the prime factors of 40411282.
2, 1523, 13267
What are the prime factors of 215976269?
881, 245149
List the prime factors of 64373217.
3, 53, 251, 1613
What are the prime factors of 499061471?
41, 59, 103, 2003
What are the prime factors of 56594071?
17, 103, 32321
List the prime factors of 503027547.
3, 11, 97, 167, 941
What are the prime factors of 577272613?
563, 1025351
What are the prime factors of 479512?
2, 11, 5449
What are the prime factors of 1280605136?
2, 2383, 33587
What are the prime factors of 1404771283?
89, 2111, 7477
List the prime factors of 22041639.
3, 17, 16007
List the prime factors of 1806852938.
2, 11, 139, 379, 1559
What are the prime factors of 116007000?
2, 3, 5, 38669
What are the prime factors of 32669818?
2, 17, 79, 12163
List the prime factors of 65663523.
3, 157, 46471
List the prime factors of 3738208176.
2, 3, 139, 186761
List the prime factors of 227140278.
2, 3, 37856713
What are the prime factors of 242474596?
2, 7, 13, 666139
List the prime factors of 334854447.
3, 23, 4852963
List the prime factors of 138219192.
2, 3, 1919711
List the prime factors of 3437084264.
2, 429635533
List the prime factors of 236508905.
5, 47301781
What are the prime factors of 1174122514?
2, 587061257
List the prime factors of 2854718883.
3, 35243443
List the prime factors of 53882730.
2, 3, 5, 11, 37, 1471
List the prime factors of 40222636.
2, 71, 141629
What are the prime factors of 191855173?
107, 421, 4259
What are the prime factors of 129601470?
2, 3, 5, 19, 227371
What are the prime factors of 87850913?
37, 1249, 1901
List the prime factors of 282339211.
7, 11, 3666743
List the prime factors of 45217848.
2, 3, 13, 37, 3917
What are the prime factors of 146431373?
11, 13311943
List the prime factors of 2348837184.
2, 3, 12233527
List the prime factors of 1698838576.
2, 106177411
What are the prime factors of 43768110?
2, 3, 5, 61, 23917
What are the prime factors of 582257159?
11, 31, 1707499
List the prime factors of 8907574090.
2, 5, 23, 71, 545473
List the prime factors of 106274.
2, 7, 7591
List the prime factors of 591481829.
31, 67, 284777
What are the prime factors of 342532430?
2, 5, 34253243
What are the prime factors of 451582752?
2, 3, 4703987
What are the prime factors of 88483343?
13, 6806411
List the prime factors of 44272477.
44272477
List the prime factors of 508067730.
2, 3, 5, 1439, 3923
What are the prime factors of 3700633270?
2, 5, 17, 21768431
List the prime factors of 203478486.
2, 3, 19, 139, 12841
What are the prime factors of 143729710?
2, 5, 127, 113173
List the prime factors of 502293254.
2, 17, 14773331
What are the prime factors of 710869011?
3, 131, 313, 5779
What are the prime factors of 156102238?
2, 2459, 31741
What are the prime factors of 62791405?
5, 37, 339413
What are the prime factors of 805716375?
3, 5, 19, 113083
What are the prime factors of 573275124?
2, 3, 151, 35153
What are the prime factors of 21220497?
3, 61, 38653
What are the prime factors of 165021814?
2, 5641, 14627
List the prime factors of 342662976.
2, 3, 97, 6133
List the prime factors of 321407493.
3, 11, 29, 37, 313
List the prime factors of 4130634274.
2, 13, 83, 1914103
What are the prime factors of 108894713?
149, 730837
What are the prime factors of 709413840?
2, 3, 5, 23, 42839
List the prime factors of 2489054216.
2, 11, 2571337
What are the prime factors of 685046834?
2, 151, 811, 2797
What are the prime factors of 86020451?
11, 